mmon factor of b and 70.
10
Let v(o) = o**2 - 8*o - 4. Let f be v(9). Suppose f*t - 300 = 2*t. What is the highest common factor of 40 and t?
20
Suppose 4*n = 4*o - 60, 3*o = -0*o + 5*n + 47. Suppose 0 = -3*h + 3 + 3. Suppose -m + h*m = 14. What is the highest common factor of m and o?
14
Let x be 36/(-9)*(-21)/((-1)/(-1)). Let c = -80 + x. What is the highest common factor of c and 4?
4
Let g(q) = 2*q**3 - 68*q**2 - 70*q + 12. Let a be g(35). Let b be -3*2*(0 + -14). Calculate the highest common divisor of a and b.
12
Suppose -4*z = -4*h + 4, -2*h - 17 = 4*z - 49. Suppose -h*t = -198 - 72. Calculate the greatest common factor of t and 5.
5
Suppose 21*v = 22*v - 1209. What is the highest common factor of 78 and v?
39
Let j = -19 - -19. Let m = 33 + j. Calculate the greatest common factor of 3 and m.
3
Suppose 125 - 375 = 5*p. Let g = 72 + p. Calculate the greatest common factor of 242 and g.
22
Suppose 3*h + 2*c = -35, -6*h + 4*h + 2*c = 40. Let x be 14 + -1 + h + 12. What is the greatest common divisor of x and 35?
5
Let w = 76 - 140. Let v = w + 136. Calculate the greatest common divisor of 24 and v.
24
Let s = 58 - 22. Suppose 2*c = -0*c + s. Calculate the highest common factor of 27 and c.
9
Suppose 5*u = -3*c + 1231, -19*u + 20*u - 2*c = 241. Calculate the greatest common divisor of u and 15.
5
Suppose 2*g - 5*s = -s + 16, -g = -3*s - 6. Suppose -5*c = -2*h - g, 5*h + 2 = -c - 1. Let t = 4 + -1. Calculate the greatest common divisor of c and t.
1
Suppose -4*w - 28 = -3*c, 3*c + 3*w = -2*c + 8. Suppose b - 180 = -4*b + 5*h, -116 = -c*b - 3*h. What is the highest common divisor of 32 and b?
32
Suppose 10 = 2*q - 6. Suppose -2*d = v, 7 = v + 3*d - q*d. Let b = 10 - v. What is the highest common divisor of b and 72?
8
Let u = -126 + 221. Let n be (114/(-21))/((-2)/70*5). Calculate the greatest common divisor of n and u.
19
Suppose 3*q - 27 = 36. Let x(k) = k**2 + 9*k - 8. Let w be x(-12). Calculate the highest common divisor of q and w.
7
Let d = -53 + 66. Calculate the highest common divisor of 611 and d.
13
Let d = 14 - 14. Suppose r = 1, k - 4*r - 5 + 4 = d. Let w be (k - 5) + 48/2. What is the highest common divisor of w and 60?
12
Let p be ((-7)/(-14))/(10/(-12))*-5. Calculate the greatest common factor of p and 147.
3
Let g be ((-81)/(-135))/((-1)/(-75)). What is the greatest common factor of g and 25?
5
Let j be ((-6)/4)/((-2)/4). Let d(r) = 47*r + 156. Let x be d(-3). Calculate the greatest common factor of x and j.
3
Let x = -161 + 296. Calculate the highest common divisor of x and 5.
5
Let b(h) = -h**2 - 1. Let u(o) = -4*o**2 + 9*o - 11. Let v(a) = 5*b(a) - u(a). Let g be v(-7). Calculate the highest common factor of g and 60.
20
Let n be (-7218)/(-36)*(-2)/1. Let j = -149 - n. What is the highest common divisor of j and 36?
36
Let m be 63 + 8 + 7/(-1). What is the greatest common factor of 480 and m?
32
Let z be 44/(-330) - -1277*1/15. Let l = -6 - 44. Let b = -16 - l. What is the greatest common divisor of z and b?
17
Suppose 0 = 5*q + 2*y - 45, 4*q + 0*y - 34 = -2*y. Let s be 3 + -1 + 1 - 25. Let k be s/((-4)/(-6) - (-8)/(-3)). What is the highest common factor of k and q?
11
Let n be (-612)/(-22) + 2 - (-36)/198. Suppose -9*k + n = -6*k. Calculate the highest common factor of 10 and k.
10
Let l be 6/(8*(-5)/(-80)). What is the greatest common factor of 384 and l?
12
Let g be 43 + (-2 - (1 - 4)). Let t(b) = -b**3 + 2*b**2 - b - 249. Let a be t(0). Let v = -139 - a. Calculate the greatest common divisor of g and v.
22
Suppose 0 = -u + 3*u + 4. Let a be ((3 + u)*-4)/(-2). Suppose -1 = -a*r + 3. What is the greatest common factor of r and 14?
2
Suppose 0 = -13*b + 10*b + 132. Suppose 0*u - 4*u = 0. Suppose 4*t - 16 = -u*t. What is the greatest common factor of t and b?
4
Suppose 2*c + 4*z + 8 = 6*c, 2*z - 8 = -4*c. Let r be -16 + 31 + 0/c. Let b be 2/8 - 1078/(-8). What is the greatest common divisor of b and r?
15
Suppose 3*v - 155 = 85. Calculate the greatest common factor of 680 and v.
40
Suppose -128*s + 142*s = 910. What is the highest common factor of 50 and s?
5
Let u = -112 + 57. Let h = 72 + u. Calculate the greatest common divisor of 153 and h.
17
Let s(i) = 10*i**2 + 4*i. Let v be s(-4). Suppose -2*c - t + 57 = -6*t, 4*t - 120 = -3*c. What is the greatest common divisor of c and v?
36
Suppose -3*f - 8 = -f. Let m be 210/(-2)*(f + 3). What is the greatest common factor of 15 and m?
15
Let c = -18 + 22. Suppose -4*k - c*r = -169 + 49, 3*k - 2*r - 100 = 0. Calculate the greatest common divisor of 4 and k.
4
Let w(m) = m. Let j be w(3). Suppose -4*o = -3*t - 2*o + 34, j*t - 3*o - 36 = 0. Suppose 5*f + 60 = t*f. Calculate the greatest common divisor of f and 3.
3
Let x be 8 + -1 + 1/(-1). Let i(j) = -j**2 - 12*j - 8. Let w be i(-11). Suppose -v + w = -1. Calculate the highest common divisor of v and x.
2
Let o be (0 - -81)/(3 - (-48)/(-18)). Let g be 3/((0 - -1)*-1). Let k(i) = -10*i - 3. Let j be k(g). Calculate the highest common divisor of j and o.
27
Let q = 0 - -3. Let g be (q/(-2))/(10/(-20)). Suppose -3*i = -g, 401 = 5*t + i + 160. Calculate the highest common factor of 6 and t.
6
Suppose -3*j = 2*j - 20. Let u = 13 + -5. Suppose v = d + u, -5*v - 4*d = -2*d - 12. Calculate the greatest common divisor of v and j.
4
Suppose -14 - 82 = 8*t. Let n be (t/(-12))/((-1)/(-5)). Calculate the greatest common factor of n and 5.
5
Let p be (-1 - -14)*2 + -2. Let y(x) = -x**2 - 8*x - 4. Let d = -28 - -24. Let l be y(d). Calculate the greatest common divisor of p and l.
12
Let d be (-1 + 3)*(1 - -2). What is the greatest common factor of d and 57?
3
Let j(d) = -18*d + 2. Let x be j(-1). Let g(z) = -z + 220. Let v be g(0). Calculate the greatest common factor of v and x.
20
Suppose 3*w = -0*w + 3. Suppose 0 = -8*i + 4*i + 40. Suppose -3*m = 3*n + 2*n + 12, -m = -3*n - i. Calculate the highest common divisor of w and m.
1
Let b be 1002/8 + 30/40. What is the highest common divisor of b and 567?
63
Let u = -716 - -1021. Let b = u + -160. Calculate the greatest common divisor of b and 29.
29
Let d be (-1926)/(-27)*3/2. Let z = d - 89. Calculate the greatest common factor of z and 45.
9
Let q = -126 - -288. Let m = -52 + q. Calculate the greatest common factor of 44 and m.
22
Let w(p) = -p**3 - 10*p**2 - 9*p + 7. Let u be w(-9). Suppose -3*q = -u*q + 72. Calculate the greatest common factor of 2 and q.
2
Let b = 78 + 67. Calculate the greatest common divisor of 58 and b.
29
Let k be -10 + 70/1 + 8. What is the greatest common factor of 3808 and k?
68
Let m = -262 + 394. Suppose 5*d + 180 - 50 = 5*a, -3*a + 82 = -5*d. Suppose -x + 40 = 3*o - 0*x, -a = -o - 3*x. Calculate the highest common factor of o and m.
12
Let y = 4 - 1. Let j(w) = -7 - 2*w + 0*w - 14*w**2 + 16*w**2. Let d be j(-4). Calculate the greatest common divisor of y and d.
3
Let a = 287 + -192. Let w = a + -82. Calculate the greatest common divisor of w and 117.
13
Suppose 4*u - 2*u + k = 29, k + 61 = 4*u. What is the greatest common factor of u and 960?
15
Suppose 3*n = -n - y + 28, -2*y = 0. Let k = -5 + n. Suppose -5*s + c = -15, k*s - 14 = 2*c - 0*c. What is the highest common factor of 3 and s?
1
Let m = 670 + -643. Calculate the greatest common factor of m and 117.
9
Let m(g) = g**2 + g - 2. Let v be m(-5). Let k be 19/((-513)/(-18)) + (-9)/((-81)/12). What is the greatest common divisor of k and v?
2
Let r(a) = 8*a - 19. Let p be r(5). Suppose 2*u + 3*u = l + 108, 3*u - 2*l - 69 = 0. What is the highest common divisor of p and u?
21
Let c be 9/72 - (-1 - 375/8). Let q(w) = -w**2 - 9*w - 2. Let p be q(-7). Let b = p + 12. What is the greatest common factor of c and b?
24
Suppose -25*s = -6*s - 2090. Calculate the greatest common divisor of 20 and s.
10
Let l(c) = c + 9. Let f be l(-3). Suppose -5*s + 4*s - f = 0. Let k be 1*-7*(s - -3). Calculate the highest common divisor of k and 3.
3
Suppose -3*j + n = -2*n - 9, 2*j - 6 = -5*n. Suppose j*c + t = 66, 0 = -3*c - 5*t + 35 + 43. What is the highest common factor of 14 and c?
7
Let k = 538 + -514. What is the greatest common divisor of 384 and k?
24
Let x(s) = -s + 27. Let q be (-64)/(-12)*3/2. Let b be x(q). What is the highest common factor of 209 and b?
19
Suppose -21*r = 9*r - 35040. Calculate the greatest commo